tors of 3333.
3, 11, 101
What are the prime factors of 563?
563
What are the prime factors of 38918?
2, 11, 29, 61
List the prime factors of 104876.
2, 157, 167
What are the prime factors of 14896?
2, 7, 19
What are the prime factors of 5409?
3, 601
List the prime factors of 4579.
19, 241
What are the prime factors of 1730?
2, 5, 173
List the prime factors of 212594.
2, 106297
List the prime factors of 613.
613
What are the prime factors of 1122?
2, 3, 11, 17
What are the prime factors of 884?
2, 13, 17
What are the prime factors of 1022?
2, 7, 73
List the prime factors of 39720.
2, 3, 5, 331
List the prime factors of 346.
2, 173
What are the prime factors of 87714?
2, 3, 11, 443
What are the prime factors of 76776?
2, 3, 7, 457
List the prime factors of 96298.
2, 89, 541
What are the prime factors of 29251?
29251
What are the prime factors of 3172?
2, 13, 61
List the prime factors of 24293.
17, 1429
What are the prime factors of 8555?
5, 29, 59
List the prime factors of 10154.
2, 5077
List the prime factors of 3620.
2, 5, 181
List the prime factors of 1896.
2, 3, 79
List the prime factors of 1320.
2, 3, 5, 11
What are the prime factors of 14931?
3, 7, 79
List the prime factors of 8672.
2, 271
What are the prime factors of 67061?
67061
List the prime factors of 56339.
53, 1063
What are the prime factors of 1750?
2, 5, 7
What are the prime factors of 2423?
2423
What are the prime factors of 138335?
5, 73, 379
What are the prime factors of 61797?
3, 20599
What are the prime factors of 5870?
2, 5, 587
List the prime factors of 1643.
31, 53
What are the prime factors of 46344?
2, 3, 1931
What are the prime factors of 65121?
3, 7, 443
What are the prime factors of 2529?
3, 281
List the prime factors of 8179.
8179
What are the prime factors of 18470?
2, 5, 1847
What are the prime factors of 1278?
2, 3, 71
List the prime factors of 41698.
2, 20849
List the prime factors of 12371.
89, 139
What are the prime factors of 145787?
19, 7673
What are the prime factors of 342?
2, 3, 19
List the prime factors of 42630.
2, 3, 5, 7, 29
What are the prime factors of 58387?
7, 19, 439
What are the prime factors of 2305?
5, 461
List the prime factors of 169249.
169249
What are the prime factors of 1559?
1559
What are the prime factors of 10644?
2, 3, 887
List the prime factors of 8189.
19, 431
What are the prime factors of 575?
5, 23
List the prime factors of 13794.
2, 3, 11, 19
What are the prime factors of 30997?
139, 223
What are the prime factors of 4343?
43, 101
What are the prime factors of 3914?
2, 19, 103
What are the prime factors of 752?
2, 47
List the prime factors of 31.
31
What are the prime factors of 1362?
2, 3, 227
List the prime factors of 1696.
2, 53
What are the prime factors of 69544?
2, 8693
List the prime factors of 3664.
2, 229
What are the prime factors of 942?
2, 3, 157
What are the prime factors of 80347?
80347
What are the prime factors of 4212?
2, 3, 13
List the prime factors of 5600.
2, 5, 7
List the prime factors of 8449.
7, 17, 71
List the prime factors of 328.
2, 41
List the prime factors of 1557.
3, 173
List the prime factors of 9082.
2, 19, 239
What are the prime factors of 268?
2, 67
List the prime factors of 955.
5, 191
What are the prime factors of 617?
617
List the prime factors of 595.
5, 7, 17
List the prime factors of 11776.
2, 23
List the prime factors of 1449.
3, 7, 23
List the prime factors of 14926.
2, 17, 439
List the prime factors of 24256.
2, 379
What are the prime factors of 7923?
3, 19, 139
What are the prime factors of 1142?
2, 571
List the prime factors of 1804.
2, 11, 41
List the prime factors of 6990.
2, 3, 5, 233
List the prime factors of 1110.
2, 3, 5, 37
What are the prime factors of 166268?
2, 197, 211
What are the prime factors of 2290?
2, 5, 229
What are the prime factors of 28160?
2, 5, 11
What are the prime factors of 2144?
2, 67
List the prime factors of 22122.
2, 3, 1229
What are the prime factors of 69207?
3, 17, 23, 59
List the prime factors of 450.
2, 3, 5
What are the prime factors of 4090?
2, 5, 409
What are the prime factors of 63265?
5, 12653
List the prime factors of 2290.
2, 5, 229
What are the prime factors of 656?
2, 41
What are the prime factors of 106?
2, 53
List the prime factors of 88519.
17, 41, 127
What are the prime factors of 53789?
19, 149
What are the prime factors of 22226?
2, 11113
What are the prime factors of 690?
2, 3, 5, 23
What are the prime factors of 28318?
2, 14159
List the prime factors of 1241.
17, 73
List the prime factors of 431.
431
List the prime factors of 2241.
3, 83
List the prime factors of 8131.
47, 173
What are the prime factors of 342?
2, 3, 19
What are the prime factors of 339?
3, 113
What are the prime factors of 2692?
2, 673
What are the prime factors of 3437?
7, 491
What are the prime factors of 4358?
2, 2179
What are the prime factors of 10332?
2, 3, 7, 41
List the prime factors of 826.
2, 7, 59
List the prime factors of 40254.
2, 3, 6709
List the prime factors of 2616.
2, 3, 109
List the prime factors of 34927.
53, 659
What are the prime factors of 1990?
2, 5, 199
What are the prime factors of 39435?
3, 5, 11, 239
What are the prime factors of 3644?
2, 911
What are the prime factors of 1666?
2, 7, 17
List the prime factors of 22329.
3, 827
List the prime factors of 466.
2, 233
List the prime factors of 792.
2, 3, 11
List the prime factors of 2168.
2, 271
What are the prime factors of 421?
421
List the prime factors of 16323.
3, 5441
List the prime factors of 32310.
2, 3, 5, 359
What are the prime factors of 18120?
2, 3, 5, 151
List the prime factors of 83111.
7, 31, 383
What are the prime factors of 22564?
2, 5641
What are the prime factors of 2220?
2, 3, 5, 37
What are the prime factors of 109?
109
List the prime factors of 318.
2, 3, 53
What are the prime factors of 6594?
2, 3, 7, 157
What are the prime factors of 63701?
11, 5791
List the prime factors of 14913.
3, 1657
List the prime factors of 130413.
3, 29, 1499
List the prime factors of 7030.
2, 5, 19, 37
List the prime factors of 11027.
11027
List the prime factors of 24843.
3, 7, 13
List the prime factors of 68869.
61, 1129
What are the prime factors of 1328?
2, 83
What are the prime factors of 40024?
2, 5003
List the prime factors of 16457.
7, 2351
What are the prime factors of 4833?
3, 179
List the prime factors of 3246.
2, 3, 541
What are the prime factors of 2860?
2, 5, 11, 13
What are the prime factors of 2445?
3, 5, 163
List the prime factors of 7970.
2, 5, 797
List the prime factors of 342.
2, 3, 19
List the prime factors of 3142.
2, 1571
What are the prime factors of 519?
3, 173
What are the prime factors of 159?
3, 53
What are the prime factors of 9534?
2, 3, 7, 227
What are the prime factors of 7?
7
What are the prime factors of 9406?
2, 4703
List the prime factors of 46.
2, 23
List the prime factors of 33846.
2, 3, 5641
List the prime factors of 1812.
2, 3, 151
List the prime factors of 269.
269
List the prime factors of 82198.
2, 73, 563
What are the prime factors of 5378?
2, 2689
What are the prime factors of 817?
19, 43
List the prime factors of 332.
2, 83
List the prime factors of 9566.
2, 4783
What are the prime factors of 4336?
2, 271
List the prime factors of 737.
11, 67
What are the prime factors of 1897?
7, 271
List the prime factors of 131701.
131701
List the prime factors of 19793.
19793
List the prime factors of 197.
197
List the prime factors of 56266.
2, 7, 4019
What are the prime factors of 17193?
3, 11, 521
List the prime factors of 1854.
2, 3, 103
List the prime factors of 1516.
2, 379
List the prime factors of 2057.
11, 17
What are the prime factors of 278?
2, 139
List the prime factors of 120794.
2, 60397
List the prime factors of 1458.
2, 3
List the prime factors of 20776.
2, 7, 53
What are the prime factors of 2864?
2, 179
What are the prime factors of 90362?
2, 45181
What are the prime factors of 31777?
43, 739
List the prime factors of 877.
877
List the prime factors of 1025.
5, 41
List the prime factors of 130.
2, 5, 13
What are the prime factors of 24823?
103, 241
What are the prime factors of 8529?
3, 2843
What are the prime factors of 8916?
2, 3, 743
What are the prime factors of 896?
2, 7
List the prime factors of 114111.
3, 31, 409
What are the prime 